{"id":3,"date":"2019-12-27T21:12:52","date_gmt":"2019-12-27T20:12:52","guid":{"rendered":"https:\/\/www.didal.com\/web\/?page_id=3"},"modified":"2023-08-21T09:12:56","modified_gmt":"2023-08-21T07:12:56","slug":"politica-privacidad","status":"publish","type":"page","link":"https:\/\/www.didal.com\/ca\/politica-privacidad\/","title":{"rendered":"Pol\u00edtica de privacitat"},"content":{"rendered":"\n<p>Pol\u00edtica de privacitat: De conformitat amb el que estableix la normativa vigent en Protecci\u00f3 de Dades de Car\u00e0cter Personal (RGPD) i la <a aria-label=\"Ley 34\/2002 (se abre en una nueva pesta\u00f1a)\" rel=\"noreferrer noopener\" href=\"https:\/\/www.boe.es\/eli\/es\/l\/2002\/07\/11\/34\/con\" target=\"_blank\">Llei 34\/2002<\/a>, de 11 de juliol,  de Servicios de la Sociedad de la Informaci\u00f3n y de Comercio Electr\u00f3nico  (LSSI-CE),  didal.com serveis din\u00e0mics S.L.U.  l&#8217;informa que les dades seran conservades durant el temps estrictament necessari per acomplir amb els preceptes mencionats en la seg\u00fcent informaci\u00f3. <\/p>\n\n\n\n<h3 class=\"wp-block-heading\"><strong>Qui som<\/strong><\/h3>\n\n\n\n<ul class=\"wp-block-list\"><li>didal.com serveis din\u00e0mics S.L.U. <\/li><li>CIF: B64428501 <\/li><li>adre\u00e7a social:  c\/doctor robert n7 of2, 08915 de Badalona<\/li><li>adre\u00e7a web:  https:\/\/www.didal.com <\/li><\/ul>\n\n\n\n<h3 class=\"wp-block-heading\"><strong>Quines dades recollim i perqu\u00e8 les recollim<\/strong><\/h3>\n\n\n\n<p>Quan els visitants omplen algun dels formularis del web, recopilem les dades que es mostren en el mateix, aix\u00ed com l&#8217;adre\u00e7a IP del visitant i la cadena d&#8217;agents d&#8217;usuari de el navegador per ajudar a la detecci\u00f3 de spam.<\/p>\n\n\n\n<p>L&#8217;informem que tractarem les seves dades d&#8217;acord a l&#8217;exist\u00e8ncia de el seu consentiment i \/ o la relaci\u00f3 contractual que mantenim amb vost\u00e8.<\/p>\n\n\n\n<p>didal.com serveis din\u00e0mics S.L.U. informa que procedir\u00e0 a tractar les dades de manera l\u00edcita, lleial, transparent, adequada, pertinent, limitada, exacta i actualitzada. \u00c9s per aix\u00f2 que didal.com serveis din\u00e0mics S.L.U. es compromet a adoptar totes les mesures raonables perqu\u00e8 aquests es suprimeixin o rectifiquin sense dilaci\u00f3 quan siguin inexactes.<\/p>\n\n\n\n<h3 class=\"wp-block-heading\"><strong>Acc\u00e9s, rectificaci\u00f3, limitaci\u00f3 i suspensi\u00f3<\/strong><\/h3>\n\n\n\n<p>D&#8217;acord amb els drets que li confereix la normativa vigent en protecci\u00f3 de dades podr\u00e0 exercir els drets d&#8217;acc\u00e9s, rectificaci\u00f3, limitaci\u00f3 de tractament, supressi\u00f3, portabilitat i oposici\u00f3 a el tractament de les seves dades de car\u00e0cter personal aix\u00ed com del consentiment prestat per al tractament dels mateixos, dirigint la seva petici\u00f3 a l&#8217;adre\u00e7a postal indicada m\u00e9s amunt o al correu electr\u00f2nic <a href=\"mailto:clients@didal.com\">clients@didal.com<\/a>.<\/p>\n\n\n\n<p>Pot dirigir-se a l&#8217;Autoritat de Control competent per a presentar la reclamaci\u00f3 que consideri oportuna<\/p>\n\n\n\n<p>Per a m\u00e9s informaci\u00f3 podeu consultar el nostre <a href=\"https:\/\/www.didal.com\/web\/ca\/aviso-legal\/\">Av\u00eds legal<\/a><\/p>\n","protected":false},"excerpt":{"rendered":"<p>Pol\u00edtica de privacitat: De conformitat amb el que estableix la normativa vigent en Protecci\u00f3 de Dades de Car\u00e0cter Personal (RGPD)&#8230;<\/p>\n","protected":false},"author":1,"featured_media":0,"parent":0,"menu_order":0,"comment_status":"closed","ping_status":"closed","template":"template-centered.php","meta":{"_monsterinsights_skip_tracking":false,"_monsterinsights_sitenote_active":false,"_monsterinsights_sitenote_note":"","_monsterinsights_sitenote_category":0,"_links_to":"","_links_to_type":0,"footnotes":""},"class_list":["post-3","page","type-page","status-publish","hentry","post-archive"],"aioseo_notices":[],"jetpack_sharing_enabled":true,"jetpack_likes_enabled":true,"_links":{"self":[{"href":"https:\/\/www.didal.com\/ca\/wp-json\/wp\/v2\/pages\/3","targetHints":{"allow":["GET"]}}],"collection":[{"href":"https:\/\/www.didal.com\/ca\/wp-json\/wp\/v2\/pages"}],"about":[{"href":"https:\/\/www.didal.com\/ca\/wp-json\/wp\/v2\/types\/page"}],"author":[{"embeddable":true,"href":"https:\/\/www.didal.com\/ca\/wp-json\/wp\/v2\/users\/1"}],"replies":[{"embeddable":true,"href":"https:\/\/www.didal.com\/ca\/wp-json\/wp\/v2\/comments?post=3"}],"version-history":[{"count":20,"href":"https:\/\/www.didal.com\/ca\/wp-json\/wp\/v2\/pages\/3\/revisions"}],"predecessor-version":[{"id":4798,"href":"https:\/\/www.didal.com\/ca\/wp-json\/wp\/v2\/pages\/3\/revisions\/4798"}],"wp:attachment":[{"href":"https:\/\/www.didal.com\/ca\/wp-json\/wp\/v2\/media?parent=3"}],"curies":[{"name":"wp","href":"https:\/\/api.w.org\/{rel}","templated":true}]}}

Política de privacitat

<p>Política de privacitat: De conformitat amb el que estableix la normativa vigent en Protecció de Dades de Caràcter Personal (RGPD) i la <a aria-label="Ley 34/2002 (se abre en una nueva pestaña)" rel="noreferrer noopener" href="https://www.boe.es/eli/es/l/2002/07/11/34/con" target="_blank">Llei 34/2002</a>, de 11 de juliol,  de Servicios de la Sociedad de la Información y de Comercio Electrónico  (LSSI-CE),  didal.com serveis dinàmics S.L.U.  l&#8217;informa que les dades seran conservades durant el temps estrictament necessari per acomplir amb els preceptes mencionats en la següent informació. </p>



<h3 class="wp-block-heading"><strong>Qui som</strong></h3>



<ul class="wp-block-list"><li>didal.com serveis dinàmics S.L.U. </li><li>CIF: B64428501 </li><li>adreça social:  c/doctor robert n7 of2, 08915 de Badalona</li><li>adreça web:  https://www.didal.com </li></ul>



<h3 class="wp-block-heading"><strong>Quines dades recollim i perquè les recollim</strong></h3>



<p>Quan els visitants omplen algun dels formularis del web, recopilem les dades que es mostren en el mateix, així com l&#8217;adreça IP del visitant i la cadena d&#8217;agents d&#8217;usuari de el navegador per ajudar a la detecció de spam.</p>



<p>L&#8217;informem que tractarem les seves dades d&#8217;acord a l&#8217;existència de el seu consentiment i / o la relació contractual que mantenim amb vostè.</p>



<p>didal.com serveis dinàmics S.L.U. informa que procedirà a tractar les dades de manera lícita, lleial, transparent, adequada, pertinent, limitada, exacta i actualitzada. És per això que didal.com serveis dinàmics S.L.U. es compromet a adoptar totes les mesures raonables perquè aquests es suprimeixin o rectifiquin sense dilació quan siguin inexactes.</p>



<h3 class="wp-block-heading"><strong>Accés, rectificació, limitació i suspensió</strong></h3>



<p>D&#8217;acord amb els drets que li confereix la normativa vigent en protecció de dades podrà exercir els drets d&#8217;accés, rectificació, limitació de tractament, supressió, portabilitat i oposició a el tractament de les seves dades de caràcter personal així com del consentiment prestat per al tractament dels mateixos, dirigint la seva petició a l&#8217;adreça postal indicada més amunt o al correu electrònic <a href="mailto:clients@didal.com">clients@didal.com</a>.</p>



<p>Pot dirigir-se a l&#8217;Autoritat de Control competent per a presentar la reclamació que consideri oportuna</p>



<p>Per a més informació podeu consultar el nostre <a href="https://www.didal.com/web/ca/aviso-legal/">Avís legal</a></p>

<p>Política de privacitat: De conformitat amb el que estableix la normativa vigent en Protecció de Dades de Caràcter Personal (RGPD)&#8230;</p>
