{"id":492,"date":"2019-12-31T08:16:00","date_gmt":"2019-12-31T07:16:00","guid":{"rendered":"https:\/\/www.didal.com\/web\/?page_id=492"},"modified":"2023-07-28T19:54:30","modified_gmt":"2023-07-28T17:54:30","slug":"aviso-legal","status":"publish","type":"page","link":"https:\/\/www.didal.com\/ca\/aviso-legal\/","title":{"rendered":"Av\u00eds legal"},"content":{"rendered":"\n<p>Av\u00eds Legal: En compliment de la <a href=\"https:\/\/www.boe.es\/eli\/es\/l\/2002\/07\/11\/34\/con\">Llei 34\/2002<\/a> , de 11 de juliol, de Serveis de la Societat de la Informaci\u00f3 i de Comer\u00e7 Electr\u00f2nic (LSSI-CE), didal.com serveis din\u00e0mics S.L.U. informa que \u00e9s titular del lloc web <a href=\"https:\/\/www.didal.com\">www.didal.com<\/a>. D&#8217;acord amb l&#8217;exig\u00e8ncia de l&#8217;article 10 de l&#8217;esmentada Llei, didal.com serveis din\u00e0mics SLU informa de les seg\u00fcents dades:<\/p>\n\n\n\n<p>El titular d&#8217;aquest lloc web \u00e9s didal.com serveis din\u00e0mics S.L.U. , Amb CIF B64428501 i domicili social al c \/ doctor robert n7 OF2, 08915 de Badalona, \u200b\u200binscrita al Registre Mercantil, en el tom 39459, foli 88, full 346.528 i inscripci\u00f3 1. L&#8217;adre\u00e7a de correu electr\u00f2nic de contacte amb l&#8217;empresa \u00e9s : <a rel=\"noreferrer noopener\" href=\"mailto:clients@didal.com\" target=\"_blank\">clients@didal.com<\/a>.<\/p>\n\n\n\n<h3 class=\"wp-block-heading\"><strong>Usuari i r\u00e8gim de responsabilitats<\/strong> <\/h3>\n\n\n\n<p>La navegaci\u00f3, acc\u00e9s i \u00fas pel lloc web de didal.com serveis din\u00e0mics S.L.U. confereix la condici\u00f3 d&#8217;usuari, per la que s&#8217;accepten, des de la navegaci\u00f3 pel lloc web de didal.com serveis din\u00e0mics S.L.U. , Totes les condicions d&#8217;\u00fas aqu\u00ed establertes sense perjudici de l&#8217;aplicaci\u00f3 de la corresponent normativa d&#8217;obligat compliment legal segons el cas.<br><br>El lloc web de didal.com serveis din\u00e0mics S.L.U. proporciona gran diversitat d&#8217;informaci\u00f3, serveis i dades. L&#8217;usuari assumeix la seva responsabilitat en l&#8217;\u00fas correcte de la p\u00e0gina web. Aquesta responsabilitat s&#8217;estendr\u00e0 a:<\/p>\n\n\n\n<ul class=\"wp-block-list\"><li>La veracitat i licitud de les informacions aportades per l&#8217;usuari en els formularis facilitats per didal.com serveis din\u00e0mics S.L.U. per a l&#8217;acc\u00e9s a determinats continguts o serveis oferts pel web.<\/li><li> L&#8217;\u00fas de la informaci\u00f3, serveis i dades ofertes per didal.com serveis din\u00e0mics S.L.U. contr\u00e0riament a all\u00f2 disposat per les presents condicions, la Llei, la moral, els bons costums o l&#8217;ordre p\u00fablic, o que de qualsevol altre forma pugui suposar lesi\u00f3 dels drets de tercers o de la mateixa funcionament del lloc web.             <\/li><\/ul>\n\n\n\n<h3 class=\"wp-block-heading\"><strong>Pol\u00edtica d&#8217;enlla\u00e7os i exempcions de responsabilitat<\/strong> <\/h3>\n\n\n\n<p>didal.com serveis din\u00e0mics S.L.U. no es fa responsable del contingut dels llocs web als quals l&#8217;usuari pugui accedir a trav\u00e9s dels enlla\u00e7os establerts en el seu lloc web i declara que en cap cas procedir\u00e0 a examinar o exercitar cap tipus de control sobre el contingut d&#8217;altres llocs de la xarxa. Aix\u00ed mateix, tampoc garantir\u00e0 la disponibilitat t\u00e8cnica, exactitud, veracitat, validesa o legalitat de llocs aliens a la seva propietat als quals es pugui accedir per mitj\u00e0 dels enlla\u00e7os.<br><br>didal.com serveis din\u00e0mics S.L.U. declara haver adoptat totes les mesures necess\u00e0ries per evitar qualsevol dany als usuaris del seu lloc web, que poguessin derivar-se de la navegaci\u00f3 pel seu lloc web. En conseq\u00fc\u00e8ncia, didal.com serveis din\u00e0mics S.L.U. no es fa responsable, en cap cas, dels eventuals danys que per la navegaci\u00f3 per Internet pogu\u00e9s patir l&#8217;usuari.<\/p>\n\n\n\n<h3 class=\"wp-block-heading\"><strong>Modificacions<\/strong> <\/h3>\n\n\n\n<p>didal.com serveis din\u00e0mics S.L.U. es reserva el dret a realitzar les modificacions que consideri oportunes, sense av\u00eds previ, en el contingut del seu lloc web. Tant pel que fa als continguts de la p\u00e0gina web, com en les condicions d&#8217;\u00fas de la mateixa, o en les condicions generals de contractaci\u00f3. Aquestes modificacions podran realitzar-se a trav\u00e9s del seu lloc web per qualsevol forma admissible en dret i seran d&#8217;obligat compliment durant el temps en qu\u00e8 es trobin publicades al web i fins que no siguin modificades v\u00e0lidament per altres posteriors.<\/p>\n\n\n\n<h3 class=\"wp-block-heading\"><strong>Formularis<\/strong><\/h3>\n\n\n\n<p>Alguns espais del espai web de didal.com serveis din\u00e0mics S.L.U. contenen la possibilitat d&#8217;enviar les seves dades per Internet. L&#8217;\u00fas dels mateixos requerir\u00e0 la lectura i acceptaci\u00f3 obligat\u00f2ria de les condicions generals de reserva establertes a l&#8217;efecte per didal.com serveis din\u00e0mics S.L.U.<br><br>De conformitat amb el que estableix la normativa vigent en Protecci\u00f3 de Dades de Car\u00e0cter Personal, l&#8217;informem que les seves dades seran incorporades a sistema de tractament titularitat de didal.com serveis din\u00e0mics S.L.U. amb CIF B64428501i domicili social a c\/doctor robert n7 of2, 08915 de Badalona amb la finalitat de poder facilitar, agilitar i acomplir els compromisos establerts entre ambdues parts. En el compliment de la normativa vigent, didal.com serveis din\u00e0mics S.L.U. informa que les dades seran conservades durant el temps estrictament necessari per acomplir amb els preceptes mencionats anteriorment.<\/p>\n\n\n\n<p>L&#8217;informem que tractarem les seves dades d&#8217;acord amb l&#8217;exist\u00e8ncia del seu consentiment i \/ o la relaci\u00f3 contractual que mantenim amb vost\u00e8.<\/p>\n\n\n\n<p>didal.com serveis din\u00e0mics S.L.U. informa que procedir\u00e0 a tractar les dades de manera l\u00edcita, lleial, transparent, adequada, pertinent, limitada, exacta i actualitzada. \u00c9s per aix\u00f2 que didal.com serveis din\u00e0mics S.L.U. es compromet a adoptar totes les mesures raonables perqu\u00e8 aquests es suprimeixin o rectifiquin sense dilaci\u00f3 quan siguin inexactes.       <\/p>\n\n\n\n<p>D&#8217;acord amb els drets que li confereix l&#8217;la normativa vigent en protecci\u00f3 de dades podr\u00e0 exercir els drets d&#8217;acc\u00e9s, rectificaci\u00f3, limitaci\u00f3 de tractament, supressi\u00f3, portabilitat i oposici\u00f3 a el tractament de les seves dades de car\u00e0cter personal aix\u00ed com del consentiment prestat per al tractament dels mateixos, dirigint la seva petici\u00f3 a l&#8217;adre\u00e7a postal indicada m\u00e9s amunt o al correu electr\u00f2nic <a href=\"mailto:clients@didal.com\" target=\"_blank\" rel=\"noreferrer noopener\">clients@didal.com<\/a> .<\/p>\n\n\n\n<p>Pot dirigir-se a l&#8217;Autoritat de Control competent per a presentar la reclamaci\u00f3 que consideri oportuna.<\/p>\n\n\n\n<h3 class=\"wp-block-heading\"><strong>Propietat intel\u00b7lectual i industrial<\/strong><\/h3>\n\n\n\n<p>didal.com serveis din\u00e0mics S.L.U. per si mateixa o com a cession\u00e0ria, \u00e9s titular de tots els drets de propietat intel\u00b7lectual i industrial de la seva p\u00e0gina web, aix\u00ed com dels elements continguts en la mateixa (a t\u00edtol enunciatiu, imatges, so, \u00e0udio, v\u00eddeo, programari o textos; marques o logotips, combinacions de colors, estructura i disseny, selecci\u00f3 de materials usats, programes d&#8217;ordinador necessaris per al seu funcionament, acc\u00e9s i \u00fas, etc.), titularitat de didal.com serveis din\u00e0mics S.L.U. Seran, per tant, obres protegides com a propietat intel\u00b7lectual per l&#8217;ordenament jur\u00eddic espanyol, ser\u00e0 d&#8217;aplicaci\u00f3 tant la normativa espanyola i comunit\u00e0ria en aquest camp, com els tractats internacionals relatius a la mat\u00e8ria i subscrits per Espanya.<br><br>Tots els drets reservats. En virtut del que disposa la Llei de Propietat Intel\u00b7lectual, queden expressament prohibides la reproducci\u00f3, la distribuci\u00f3 i la comunicaci\u00f3 p\u00fablica, inclosa la seva modalitat de posada a disposici\u00f3, de la totalitat o part dels continguts d&#8217;aquesta p\u00e0gina web, amb fins comercials, en qualsevol suport i per qualsevol mitj\u00e0 t\u00e8cnic, sense l&#8217;autoritzaci\u00f3 de didal.com serveis din\u00e0mics S.L.U.<br><br>L&#8217;usuari es compromet a respectar els drets de Propietat Intel\u00b7lectual i Industrial titularitat de didal.com serveis din\u00e0mics S.L.U. Podr\u00e0 visualitzar els elements de el portal i fins i tot imprimir-los, copiar-los i emmagatzemar-los al disc dur del seu ordinador o en qualsevol altre suport f\u00edsic sempre que sigui, \u00fanica i exclusivament, per al seu \u00fas personal i privat. L&#8217;usuari haur\u00e0 d&#8217;abstenir-se de suprimir, alterar, eludir o manipular qualsevol dispositiu de protecci\u00f3 o sistema de seguretat que estigu\u00e9s instal\u00b7lat a les p\u00e0gines de didal.com serveis din\u00e0mics S.L.U.<\/p>\n\n\n\n<h3 class=\"wp-block-heading\"><strong>Accions legals, legislaci\u00f3 aplicable i jurisdicci\u00f3<\/strong> <\/h3>\n\n\n\n<p>didal.com serveis din\u00e0mics S.L.U. es reserva, aix\u00ed mateix, la facultat de presentar les accions civils o penals que consideri oportunes per la utilitzaci\u00f3 indeguda del seu lloc web i continguts, o per l&#8217;incompliment de les presents condicions.<br><br>La relaci\u00f3 entre l&#8217;usuari i el prestador es regir\u00e0 per la normativa vigent i d&#8217;aplicaci\u00f3 en el territori espanyol. De sorgir qualsevol controv\u00e8rsia les parts podran sotmetre els seus conflictes a arbitratge o acudir a la jurisdicci\u00f3 ordin\u00e0ria complint amb les normes sobre jurisdicci\u00f3 i compet\u00e8ncia al respecte.<\/p>\n\n\n\n<p>didal.com serveis din\u00e0mics S.L.U. t\u00e9 el seu domicili a Badalona, Espanya.<\/p>\n","protected":false},"excerpt":{"rendered":"<p>Av\u00eds Legal: En compliment de la Llei 34\/2002 , de 11 de juliol, de Serveis de la Societat de la&#8230;<\/p>\n","protected":false},"author":1,"featured_media":0,"parent":0,"menu_order":0,"comment_status":"closed","ping_status":"closed","template":"template-centered.php","meta":{"_monsterinsights_skip_tracking":false,"_monsterinsights_sitenote_active":false,"_monsterinsights_sitenote_note":"","_monsterinsights_sitenote_category":0,"_links_to":"","_links_to_type":0,"footnotes":""},"class_list":["post-492","page","type-page","status-publish","hentry","post-archive"],"aioseo_notices":[],"jetpack_sharing_enabled":true,"jetpack_likes_enabled":true,"_links":{"self":[{"href":"https:\/\/www.didal.com\/ca\/wp-json\/wp\/v2\/pages\/492","targetHints":{"allow":["GET"]}}],"collection":[{"href":"https:\/\/www.didal.com\/ca\/wp-json\/wp\/v2\/pages"}],"about":[{"href":"https:\/\/www.didal.com\/ca\/wp-json\/wp\/v2\/types\/page"}],"author":[{"embeddable":true,"href":"https:\/\/www.didal.com\/ca\/wp-json\/wp\/v2\/users\/1"}],"replies":[{"embeddable":true,"href":"https:\/\/www.didal.com\/ca\/wp-json\/wp\/v2\/comments?post=492"}],"version-history":[{"count":20,"href":"https:\/\/www.didal.com\/ca\/wp-json\/wp\/v2\/pages\/492\/revisions"}],"predecessor-version":[{"id":4554,"href":"https:\/\/www.didal.com\/ca\/wp-json\/wp\/v2\/pages\/492\/revisions\/4554"}],"wp:attachment":[{"href":"https:\/\/www.didal.com\/ca\/wp-json\/wp\/v2\/media?parent=492"}],"curies":[{"name":"wp","href":"https:\/\/api.w.org\/{rel}","templated":true}]}}

Avís legal

<p>Avís Legal: En compliment de la <a href="https://www.boe.es/eli/es/l/2002/07/11/34/con">Llei 34/2002</a> , de 11 de juliol, de Serveis de la Societat de la Informació i de Comerç Electrònic (LSSI-CE), didal.com serveis dinàmics S.L.U. informa que és titular del lloc web <a href="https://www.didal.com">www.didal.com</a>. D&#8217;acord amb l&#8217;exigència de l&#8217;article 10 de l&#8217;esmentada Llei, didal.com serveis dinàmics SLU informa de les següents dades:</p>



<p>El titular d&#8217;aquest lloc web és didal.com serveis dinàmics S.L.U. , Amb CIF B64428501 i domicili social al c / doctor robert n7 OF2, 08915 de Badalona, ​​inscrita al Registre Mercantil, en el tom 39459, foli 88, full 346.528 i inscripció 1. L&#8217;adreça de correu electrònic de contacte amb l&#8217;empresa és : <a rel="noreferrer noopener" href="mailto:clients@didal.com" target="_blank">clients@didal.com</a>.</p>



<h3 class="wp-block-heading"><strong>Usuari i règim de responsabilitats</strong> </h3>



<p>La navegació, accés i ús pel lloc web de didal.com serveis dinàmics S.L.U. confereix la condició d&#8217;usuari, per la que s&#8217;accepten, des de la navegació pel lloc web de didal.com serveis dinàmics S.L.U. , Totes les condicions d&#8217;ús aquí establertes sense perjudici de l&#8217;aplicació de la corresponent normativa d&#8217;obligat compliment legal segons el cas.<br><br>El lloc web de didal.com serveis dinàmics S.L.U. proporciona gran diversitat d&#8217;informació, serveis i dades. L&#8217;usuari assumeix la seva responsabilitat en l&#8217;ús correcte de la pàgina web. Aquesta responsabilitat s&#8217;estendrà a:</p>



<ul class="wp-block-list"><li>La veracitat i licitud de les informacions aportades per l&#8217;usuari en els formularis facilitats per didal.com serveis dinàmics S.L.U. per a l&#8217;accés a determinats continguts o serveis oferts pel web.</li><li> L&#8217;ús de la informació, serveis i dades ofertes per didal.com serveis dinàmics S.L.U. contràriament a allò disposat per les presents condicions, la Llei, la moral, els bons costums o l&#8217;ordre públic, o que de qualsevol altre forma pugui suposar lesió dels drets de tercers o de la mateixa funcionament del lloc web.             </li></ul>



<h3 class="wp-block-heading"><strong>Política d&#8217;enllaços i exempcions de responsabilitat</strong> </h3>



<p>didal.com serveis dinàmics S.L.U. no es fa responsable del contingut dels llocs web als quals l&#8217;usuari pugui accedir a través dels enllaços establerts en el seu lloc web i declara que en cap cas procedirà a examinar o exercitar cap tipus de control sobre el contingut d&#8217;altres llocs de la xarxa. Així mateix, tampoc garantirà la disponibilitat tècnica, exactitud, veracitat, validesa o legalitat de llocs aliens a la seva propietat als quals es pugui accedir per mitjà dels enllaços.<br><br>didal.com serveis dinàmics S.L.U. declara haver adoptat totes les mesures necessàries per evitar qualsevol dany als usuaris del seu lloc web, que poguessin derivar-se de la navegació pel seu lloc web. En conseqüència, didal.com serveis dinàmics S.L.U. no es fa responsable, en cap cas, dels eventuals danys que per la navegació per Internet pogués patir l&#8217;usuari.</p>



<h3 class="wp-block-heading"><strong>Modificacions</strong> </h3>



<p>didal.com serveis dinàmics S.L.U. es reserva el dret a realitzar les modificacions que consideri oportunes, sense avís previ, en el contingut del seu lloc web. Tant pel que fa als continguts de la pàgina web, com en les condicions d&#8217;ús de la mateixa, o en les condicions generals de contractació. Aquestes modificacions podran realitzar-se a través del seu lloc web per qualsevol forma admissible en dret i seran d&#8217;obligat compliment durant el temps en què es trobin publicades al web i fins que no siguin modificades vàlidament per altres posteriors.</p>



<h3 class="wp-block-heading"><strong>Formularis</strong></h3>



<p>Alguns espais del espai web de didal.com serveis dinàmics S.L.U. contenen la possibilitat d&#8217;enviar les seves dades per Internet. L&#8217;ús dels mateixos requerirà la lectura i acceptació obligatòria de les condicions generals de reserva establertes a l&#8217;efecte per didal.com serveis dinàmics S.L.U.<br><br>De conformitat amb el que estableix la normativa vigent en Protecció de Dades de Caràcter Personal, l&#8217;informem que les seves dades seran incorporades a sistema de tractament titularitat de didal.com serveis dinàmics S.L.U. amb CIF B64428501i domicili social a c/doctor robert n7 of2, 08915 de Badalona amb la finalitat de poder facilitar, agilitar i acomplir els compromisos establerts entre ambdues parts. En el compliment de la normativa vigent, didal.com serveis dinàmics S.L.U. informa que les dades seran conservades durant el temps estrictament necessari per acomplir amb els preceptes mencionats anteriorment.</p>



<p>L&#8217;informem que tractarem les seves dades d&#8217;acord amb l&#8217;existència del seu consentiment i / o la relació contractual que mantenim amb vostè.</p>



<p>didal.com serveis dinàmics S.L.U. informa que procedirà a tractar les dades de manera lícita, lleial, transparent, adequada, pertinent, limitada, exacta i actualitzada. És per això que didal.com serveis dinàmics S.L.U. es compromet a adoptar totes les mesures raonables perquè aquests es suprimeixin o rectifiquin sense dilació quan siguin inexactes.       </p>



<p>D&#8217;acord amb els drets que li confereix l&#8217;la normativa vigent en protecció de dades podrà exercir els drets d&#8217;accés, rectificació, limitació de tractament, supressió, portabilitat i oposició a el tractament de les seves dades de caràcter personal així com del consentiment prestat per al tractament dels mateixos, dirigint la seva petició a l&#8217;adreça postal indicada més amunt o al correu electrònic <a href="mailto:clients@didal.com" target="_blank" rel="noreferrer noopener">clients@didal.com</a> .</p>



<p>Pot dirigir-se a l&#8217;Autoritat de Control competent per a presentar la reclamació que consideri oportuna.</p>



<h3 class="wp-block-heading"><strong>Propietat intel·lectual i industrial</strong></h3>



<p>didal.com serveis dinàmics S.L.U. per si mateixa o com a cessionària, és titular de tots els drets de propietat intel·lectual i industrial de la seva pàgina web, així com dels elements continguts en la mateixa (a títol enunciatiu, imatges, so, àudio, vídeo, programari o textos; marques o logotips, combinacions de colors, estructura i disseny, selecció de materials usats, programes d&#8217;ordinador necessaris per al seu funcionament, accés i ús, etc.), titularitat de didal.com serveis dinàmics S.L.U. Seran, per tant, obres protegides com a propietat intel·lectual per l&#8217;ordenament jurídic espanyol, serà d&#8217;aplicació tant la normativa espanyola i comunitària en aquest camp, com els tractats internacionals relatius a la matèria i subscrits per Espanya.<br><br>Tots els drets reservats. En virtut del que disposa la Llei de Propietat Intel·lectual, queden expressament prohibides la reproducció, la distribució i la comunicació pública, inclosa la seva modalitat de posada a disposició, de la totalitat o part dels continguts d&#8217;aquesta pàgina web, amb fins comercials, en qualsevol suport i per qualsevol mitjà tècnic, sense l&#8217;autorització de didal.com serveis dinàmics S.L.U.<br><br>L&#8217;usuari es compromet a respectar els drets de Propietat Intel·lectual i Industrial titularitat de didal.com serveis dinàmics S.L.U. Podrà visualitzar els elements de el portal i fins i tot imprimir-los, copiar-los i emmagatzemar-los al disc dur del seu ordinador o en qualsevol altre suport físic sempre que sigui, única i exclusivament, per al seu ús personal i privat. L&#8217;usuari haurà d&#8217;abstenir-se de suprimir, alterar, eludir o manipular qualsevol dispositiu de protecció o sistema de seguretat que estigués instal·lat a les pàgines de didal.com serveis dinàmics S.L.U.</p>



<h3 class="wp-block-heading"><strong>Accions legals, legislació aplicable i jurisdicció</strong> </h3>



<p>didal.com serveis dinàmics S.L.U. es reserva, així mateix, la facultat de presentar les accions civils o penals que consideri oportunes per la utilització indeguda del seu lloc web i continguts, o per l&#8217;incompliment de les presents condicions.<br><br>La relació entre l&#8217;usuari i el prestador es regirà per la normativa vigent i d&#8217;aplicació en el territori espanyol. De sorgir qualsevol controvèrsia les parts podran sotmetre els seus conflictes a arbitratge o acudir a la jurisdicció ordinària complint amb les normes sobre jurisdicció i competència al respecte.</p>



<p>didal.com serveis dinàmics S.L.U. té el seu domicili a Badalona, Espanya.</p>

<p>Avís Legal: En compliment de la Llei 34/2002 , de 11 de juliol, de Serveis de la Societat de la&#8230;</p>
